thousands digit of 1838178?
8
What is the millions digit of 1275992?
1
What is the hundred thousands digit of 224712?
2
What is the thousands digit of 5720156?
0
What is the tens digit of 2877547?
4
What is the hundreds digit of 177860?
8
What is the thousands digit of 4381936?
1
What is the hundreds digit of 2586507?
5
What is the thousands digit of 24590439?
0
What is the ten thousands digit of 10944?
1
What is the thousands digit of 277489?
7
What is the units digit of 1898455?
5
What is the millions digit of 2346573?
2
What is the hundred thousands digit of 3151898?
1
What is the units digit of 177529?
9
What is the ten thousands digit of 100113?
0
What is the hundreds digit of 958355?
3
What is the ten thousands digit of 253235?
5
What is the ten thousands digit of 1501691?
0
What is the hundreds digit of 863823?
8
What is the hundred thousands digit of 3996995?
9
What is the hundreds digit of 188200?
2
What is the hundred thousands digit of 208576?
2
What is the hundreds digit of 1972329?
3
What is the hundreds digit of 13947?
9
What is the units digit of 3023095?
5
What is the hundreds digit of 4954544?
5
What is the millions digit of 5307374?
5
What is the units digit of 10267102?
2
What is the tens digit of 8192753?
5
What is the hundreds digit of 314185?
1
What is the ten thousands digit of 265783?
6
What is the thousands digit of 486139?
6
What is the millions digit of 1918330?
1
What is the tens digit of 176134?
3
What is the units digit of 49982?
2
What is the hundred thousands digit of 4097843?
0
What is the hundred thousands digit of 434740?
4
What is the thousands digit of 1096299?
6
What is the hundreds digit of 356118?
1
What is the tens digit of 346412?
1
What is the tens digit of 10495651?
5
What is the ten thousands digit of 2537175?
3
What is the hundreds digit of 451349?
3
What is the units digit of 2462928?
8
What is the hundred thousands digit of 105396?
1
What is the hundreds digit of 456507?
5
What is the hundreds digit of 4467919?
9
What is the thousands digit of 1004585?
4
What is the ten thousands digit of 4451214?
5
What is the ten thousands digit of 375141?
7
What is the ten millions digit of 16998463?
1
What is the hundreds digit of 638531?
5
What is the hundreds digit of 126989?
9
What is the hundreds digit of 86234?
2
What is the tens digit of 291772?
7
What is the ten thousands digit of 759734?
5
What is the units digit of 888414?
4
What is the hundred thousands digit of 203079?
2
What is the thousands digit of 219713?
9
What is the thousands digit of 8682438?
2
What is the tens digit of 20334847?
4
What is the hundreds digit of 12771617?
6
What is the tens digit of 210918?
1
What is the units digit of 143636?
6
What is the hundred thousands digit of 518034?
5
What is the hundreds digit of 724278?
2
What is the ten thousands digit of 408197?
0
What is the hundreds digit of 551616?
6
What is the millions digit of 6636710?
6
What is the units digit of 953330?
0
What is the thousands digit of 11708796?
8
What is the thousands digit of 8838820?
8
What is the tens digit of 212769?
6
What is the tens digit of 6474823?
2
What is the units digit of 263099?
9
What is the hundred thousands digit of 313716?
3
What is the units digit of 246470?
0
What is the ten thousands digit of 7288457?
8
What is the hundred thousands digit of 1309028?
3
What is the ten thousands digit of 255236?
5
What is the hundreds digit of 900693?
6
What is the ten thousands digit of 407681?
0
What is the ten thousands digit of 1175606?
7
What is the hundred thousands digit of 461904?
4
What is the hundred thousands digit of 678362?
6
What is the hundred thousands digit of 7180987?
1
What is the tens digit of 356006?
0
What is the tens digit of 2398283?
8
What is the thousands digit of 137534?
7
What is the tens digit of 126974?
7
What is the thousands digit of 522010?
2
What is the hundred thousands digit of 4280216?
2
What is the hundreds digit of 2542360?
3
What is the ten thousands digit of 1489737?
8
What is the ten thousands digit of 822512?
2
What is the tens digit of 25751?
5
What is the thousands digit of 2386210?
6
What is the units digit of 5392080?
0
What is the ten thousands digit of 667606?
6
What is the units digit of 229570?
0
What is the hundreds digit of 1449937?
9
What is the thousands digit of 78035?
8
What is the thousands digit of 5708616?
8
What is the ten thousands digit of 258527?
5
What is the units digit of 133486?
6
What is the thousands digit of 7402038?
2
What is the thousands digit of 254219?
4
What is the ten thousands digit of 75476?
7
What is the thousands digit of 158828?
8
What is the ten millions digit of 19007703?
1
What is the thousands digit of 85481?
5
What is the units digit of 1799400?
0
What is the tens digit of 587025?
2
What is the hundreds digit of 4120753?
7
What is the hundred thousands digit of 732642?
7
What is the hundred thousands digit of 243234?
2
What is the units digit of 22620?
0
What is the ten thousands digit of 157347?
5
What is the hundreds digit of 115713?
7
What is the hundred thousands digit of 4991408?
9
What is the units digit of 12791791?
1
What is the thousands digit of 5782989?
2
What is the hundred thousands digit of 2290741?
2
What is the ten thousands digit of 307362?
0
What is the units digit of 426172?
2
What is the units digit of 3611308?
8
What is the thousands digit of 157799?
7
What is the millions digit of 7728650?
7
What is the hundreds digit of 191500?
5
What is the ten thousands digit of 2270192?
7
What is the tens digit of 2073436?
3
What is the hundreds digit of 434953?
9
What is the hundreds digit of 4140937?
9
What is the hundred thousands digit of 2152205?
1
What is the thousands digit of 941040?
1
What is the hundred thousands digit of 1104945?
1
What is the hundreds digit of 97944?
9
What is the hundred thousands digit of 529514?
5
What is the ten thousands digit of 20961659?
6
What is the hundred thousands digit of 2316733?
3
What is the ten thousands digit of 3473725?
7
What is the tens digit of 16728?
2
What is the hundreds digit of 3665519?
5
What is the units digit of 412439?
9
What is the thousands digit of 4172305?
2
What is the hundred thousands digit of 573059?
5
What is the thousands digit of 916212?
6
What is the millions digit of 2348023?
2
What is the thousands digit of 101727?
1
What is the ten millions digit of 13765850?
1
What is the millions digit of 12463122?
2
What is the thousands digit of 1117179?
7
What is the tens digit of 21037464?
6
What is the hundreds digit of 3205837?
8
What is the thousands digit of 3745701?
5
What is the hundreds digit of 73117?
1
What is the hundreds digit of 951719?
7
What is the thousands digit of 4251486?
1
What is the ten thousands digit of 218195?
1
What is the hundred thousands digit of 1957024?
9
What is the ten thousands digit of 45784?
4
What is the tens digit of 4994737?
3
What is the hundreds digit of 3389745?
7
What is the ten millions digit of 19689976?
1
What is the thousands digit of 22494803?
4
What is the thousands digit of 26599?
6
What is the units digit of 3578616?
6
What is the hundred thousands digit of 339404?
3
What is the tens digit of 20004261?
6
What is the units digit of 210594?
4
What is the ten thousands digit of 4777783?
7
What is the hundreds digit of 95635?
6
What is the thousands digit of 11114999?
4
What is the units digit of 10666178?
8
What is the hundred thousands digit of 112222?
1
What is the ten thousands digit of 217443?
1
What is the millions digit of 2579811?
2
What is the ten thousands digit of 4021131?
2
What is the thousands digit of 346811?
6
What is the millions digit of 6315419?
6
What is the millions digit of 2035845?
2
What is the ten thousands digit of 5266671?
6
What is the hundreds digit of 50921?
9
What is the millions digit of 7707159?
7
What is the hundred thousands digit of 5625631?
6
What is the ten thousands digit of 4051418?
5
What is the hundreds digit of 26327846?
8
What is the units digit of 3771539?
9
What is the hundred thousands digit of 546733?
5
What is the tens digit of 535437?
3
What is the thousands digit of 2852626?
2
What is the millions digit of 1367911?
1
What is the hundreds digit of 192544?
5
What is the hundred thousands digit